Let l(w) = -2*w**3 - 3*w**2 - 3*w + 6. Let m(k) = -l(k) - 3*y(k). Let t be m(3). Calculate the greatest common factor of t and 24.
12
Let w(k) = -k + 2. Let t be w(1). Suppose -a + 1 = -t. Let z be (a/(-6))/((-2)/66). What is the highest common factor of z and 99?
11
Suppose 0 = i + m + 3*m - 120, 5*i - 2*m - 622 = 0. Let j = i + 41. Calculate the highest common divisor of 15 and j.
15
Let o(b) = b**2 + 2*b - 7. Let a be o(5). Let n = a + -10. Calculate the highest common divisor of 12 and n.
6
Let u(f) = -1. Let d(p) = -37*p - 8. Let m(v) = d(v) - 6*u(v). Let n be m(-2). Calculate the greatest common divisor of n and 9.
9
Let l = 4 - 7. Let d = 0 + l. Let p be ((-4)/d)/((-3)/(-324)). What is the highest common divisor of 16 and p?
16
Let w be 4/6*48 + 3. Calculate the greatest common divisor of w and 7.
7
Let d be (-196)/(-6) - (-2)/6. Let k = 2 + 9. Calculate the highest common divisor of d and k.
11
Suppose 19*t + 4 = 23*t. What is the greatest common divisor of 1 and t?
1
Let q be (-4)/(-6)*(2 - 8). Let i = 8 + q. Suppose 13 - 3 = n + 2*d, 0 = 3*n - d - 51. What is the greatest common divisor of i and n?
4
Let s(x) = x**3 + 5*x**2 - 8*x - 3. Let z(r) = r + 1. Let h be -2*(14/(-4))/(-1). Let q be z(h). Let n be s(q). What is the greatest common divisor of 81 and n?
9
Let q(p) = -13*p**3 + 2*p**2 - 1. Let z be q(1). Let k(i) = -i**3 - 13*i**2 - 12*i + 8. Let n be k(z). What is the greatest common factor of n and 88?
8
Suppose 0 = -20*u + 19*u + 77. Calculate the greatest common divisor of u and 7.
7
Suppose -5*v = -4*v - 40. Calculate the highest common factor of v and 10.
10
Suppose -2*w + 24 = 3*o - 20, 0 = -5*w + 4*o + 64. Let x be 8/(7/6 + -1). What is the greatest common factor of x and w?
16
Suppose 0 = -26*n + 22*n + 16. Calculate the greatest common divisor of 1 and n.
1
Let y(l) = l**2 - 8*l + 9. Let a be y(6). Let t be 2 + 3/a - -53. Calculate the greatest common divisor of t and 18.
18
Let v(s) = 2*s + 6. Let u(q) = -2*q - 6. Let d(i) = -3*u(i) - 4*v(i). Let h be d(-4). Calculate the greatest common divisor of 2 and h.
2
Let t(p) = p**3 + 7*p**2 + 6*p - 2. Let l be t(-6). Let w be (-106)/(-1) + (0 - l). What is the greatest common divisor of 12 and w?
12
Suppose -4*d - 4*m = -20, 0 = 2*d - 2*m + 7*m - 7. Calculate the greatest common divisor of d and 36.
6
Suppose 0 = -t + 3*t + 18. Suppose 2*i + 24 = 96. Let m = i + t. What is the greatest common divisor of 3 and m?
3
Let p = 124 + -69. Calculate the highest common divisor of p and 44.
11
Suppose 2*q = -0*q + 6, 0 = k + 4*q - 14. Let g be 11/k + 2/4. Suppose -6 = 3*r - 4*r. Calculate the greatest common factor of r and g.
6
Let n = -9 - -6. Let z be 352/24 - (-2)/n. Suppose z = 3*q - 4. What is the highest common divisor of 66 and q?
6
Let d be (-5)/2*(-2)/(-10)*-28. What is the highest common divisor of d and 56?
14
Suppose 6*q - 90 = 54. What is the greatest common factor of 48 and q?
24
Let k be 9/(-6)*20/(-2). Let x(i) = i**2 - 19*i + 24. Let j be x(18). Calculate the greatest common divisor of k and j.
3
Let a(u) = u**2 - 12*u + 17. Let b(h) = 12*h**2 - h. Let x be b(-1). Let t be a(x). What is the greatest common factor of 240 and t?
30
Let w(c) = -c - 16. Let z be w(0). Let j = -8 - z. Calculate the greatest common factor of j and 80.
8
Suppose -2*m - 18 = -4*r, 3*m - 5*m = 5*r. Let z be (2 - (1 + -6)) + 3. What is the greatest common divisor of z and r?
2
Let v be (-275)/(-7) + 4/(-14). Let b = 32 - 9. Suppose 0 = c + 2*i - b, 5*c + 0*c + 2*i - 75 = 0. Calculate the greatest common divisor of c and v.
13
Suppose l + 0*l - 79 = 2*f, 4*l = -f + 307. Calculate the greatest common factor of l and 7.
7
Suppose q = 5*f + 5, 0*f - 5*q - 3 = 3*f. Let d(s) = 2 - 8 + 15*s**2 + 6. Let u be d(f). What is the highest common divisor of 165 and u?
15
Let j(n) = 161*n**3 - n**2. Let h be j(1). Let u = h + -94. What is the greatest common divisor of u and 6?
6
Let c(i) = -i**2 + i - 1. Let w(h) = 10*h**2 + 4*h - 5. Let d(q) = -5*c(q) + w(q). Let g be d(1). Calculate the greatest common divisor of g and 42.
14
Let t = 1 - 4. Suppose 4*p - 5*f = 1, 2*p + f - 1 - 10 = 0. Let q = p + t. What is the greatest common factor of 5 and q?
1
Let n be 14*4 + (0/5)/2. What is the highest common divisor of n and 504?
56
Suppose i + 161 = -4*s + 1040, -1101 = -5*s + i. Suppose 8*v - s = 3*v. What is the greatest common divisor of 11 and v?
11
Let n(k) = -5*k**2 - 41*k - 34. Let g(u) = 3*u**2 + 27*u + 23. Let j(o) = 8*g(o) + 5*n(o). Let c be j(10). What is the highest common factor of c and 8?
8
Suppose -3*u - 42 = -5*u. Let v(f) = -f - 2. Let p be v(-4). Let x be (12/u)/(p/7). What is the highest common factor of 16 and x?
2
Let n(u) = u**3 + 6*u**2 + 4*u + 3. Let l be n(-5). Let t be l/12 - (-8)/6. Calculate the highest common divisor of 2 and t.
2
Suppose -5*b - 402 = 4*p, 2*p + 138 = -2*b - 22. Let a = 117 + b. Calculate the greatest common factor of a and 7.
7
Let o(i) = i + 5. Let p be o(10). Calculate the highest common factor of 120 and p.
15
Suppose r + 4*r - 70 = 0. Let d be r*((-357)/6)/(-7). What is the greatest common factor of 17 and d?
17
Let p(u) = -u**2 - 8*u - 4. Let v(i) = i - 2. Let n be v(-5). Let l be p(n). Let j be (l + -1)/2*25. Calculate the greatest common factor of 5 and j.
5
Suppose 5*h - 13 + 3 = 0. Let d be 0 - h - -3 - -35. Suppose w - 5*w + 216 = 0. Calculate the highest common divisor of d and w.
18
Suppose -5*p = -r + 15, 2*r + 5*p - 60 = -0*r. Calculate the highest common factor of 10 and r.
5
Suppose 5*b + 3 = 2*t, 14 = 4*t + 3*b - 5*b. Let u(l) = t*l - 8*l**2 - 2 + 4 + 0*l**3 + 2*l**3. Let p be u(5). What is the highest common factor of 8 and p?
8
Suppose 0 = -3*w - 32 + 44. Calculate the highest common factor of 16 and w.
4
Let r(n) = -18*n - 6. Let x be r(-4). Let b = 7 - -5. Let d = b - 6. What is the highest common divisor of d and x?
6
Suppose 5*h + 5 = 20. Suppose 0 = -a - h*a + 264. What is the highest common divisor of 6 and a?
6
Let t = 39 + -22. Suppose -p - t = 3. Let k be (2/(-5))/(4/p). What is the highest common divisor of k and 2?
2
Let o(n) = -2*n**3 - 5*n**2 + 2*n - 4. Let y be o(-4). Calculate the highest common factor of y and 4.
4
Let a(k) = -k**2 - k + 4. Let j be a(-4). Let d(g) = -14*g - 4*g**2 + g**3 + 12*g + 13*g**2 + 1. Let n be d(j). What is the greatest common factor of 9 and n?
9
Let j = 252 + -177. Let h be (-416)/(-14) + (-8)/(-28). Calculate the greatest common divisor of h and j.
15
Let n = 55 - 33. Let k be (-2)/7 + (-3392)/(-14). Calculate the highest common factor of n and k.
22
Let s = -72 - -79. Calculate the highest common factor of 7 and s.
7
Suppose -f + 3*f + 30 = 0. Let u be (f/(-6) - 0)*12. What is the highest common divisor of 15 and u?
15
Let o(z) = 13*z**3 + 3*z**2 + z - 4. Let x be o(2). Suppose m - 4*d - 13 = 41, 3*d - 64 = -2*m. Calculate the greatest common factor of x and m.
38
Let h(j) = -2*j**2 - 33*j - 19. Let o be h(-15). What is the highest common factor of 65 and o?
13
Let t be (110/25 - 4)*420. Calculate the greatest common divisor of t and 24.
24
Let u be 91/4 + (-10)/(-40). Let m(b) = -5*b**2 + 2*b + 1. Let w be m(-1). Let s be ((-16)/(-10))/(w/(-345)). Calculate the highest common factor of u and s.
23
Let w = 3 - -3. Calculate the highest common factor of 3 and w.
3
Let a = -61 + 66. What is the greatest common factor of 45 and a?
5
Let a be (361 - -2) + (2 - 3). Suppose 3*n = n + a. Suppose 3*b - 3*x - 132 = 0, -2*x = 4*b - x - n. What is the greatest common factor of b and 18?
9
Let b be (-63)/(((-27)/6)/3). Suppose 8*k - 5*k - b = 0. Calculate the highest common divisor of k and 126.
14
Suppose -2*f = -121 - 23. Calculate the greatest common factor of 16 and f.
8
Let v(j) = -j**2 + 10*j - 3. Let g be 3 + 3 + 3 - 1. Let o be v(g). Let z be (-26)/(-2 + (-6)/(-4)). What is the highest common divisor of o and z?
13
Suppose -3*t - 38 = 4*f - 144, t - 32 = -2*f. Let q = 68 - t. Calculate the greatest common factor of 13 and q.
13
Let q(h) = h + 1. Let r be q(2). Suppose 4*u + 3*l - 63 = r*u, 39 = u - 5*l. Calculate the highest common factor of u and 6.
6
Let k = 16 - 5. Let m(j) = j**2 - j + 13. Let q be m(7). What is the greatest common factor of q and k?
11
Let s = -48 - -61. Calculate the highest comm